 of g(-4)?
1
Suppose -5*v + 8*z - 5*z + 2672 = 0, -4 = -4*z. Suppose -3*f + 5*b = -1042, -4*b + v = 3*f - 516. What is the units digit of f?
9
Suppose 20 = 5*l - u - 7, 2*l - 14 = 2*u. Suppose 4*d + l*p - 631 = 0, 2*d + 5*p = -0*d + 303. What is the hundreds digit of d?
1
Let z(l) = l**3 - 9*l**2 + 8*l + 8. Let y be z(8). Suppose 0 = y*n - 3*n + 70. What is the tens digit of n/(-63) - 727/(-9)?
8
Let y be (18/(-4) + 0)/((-6)/12). What is the units digit of y/((-162)/384)*-3?
4
Let m(h) = -2*h + 19. Let j be m(8). Suppose 0 = -j*a + 4 + 2. Suppose -a*g = -5 - 15. What is the tens digit of g?
1
Let t(w) = 941*w - 2171. What is the units digit of t(47)?
6
Let q(r) = 4*r**2 - 32*r - 2. Let z be -4 + (-4 - 143)/(-7). What is the hundreds digit of q(z)?
6
Let w = -310 + 310. Suppose -24*x + 4*x + 7600 = w. What is the tens digit of x?
8
Suppose -5*v = 2*r - 20, 1 = -v + 4*r + 5. What is the units digit of (-3 - -17)*v/7?
8
Let h(i) = -1675*i - 463. What is the ten thousands digit of h(-8)?
1
Let x = -788 - -778. What is the hundreds digit of ((-170)/102)/(x/8124)?
3
Let v = -1606 + 8738. What is the units digit of v?
2
Suppose -3*h = -3*s - 315, 3*s - 2*h + 97 + 221 = 0. What is the units digit of (314/8 + (-81)/s)*14?
0
Let g(d) = -d**2 + 3*d + 3. Let x be g(3). Suppose -x*q = q + 716. Let s = 258 + q. What is the tens digit of s?
7
Suppose 0*f + 4*k + 21 = 3*f, -18 = -4*f + 2*k. Suppose -n = 4*n + x - 2434, f*x = -n + 498. Let o = n + -270. What is the units digit of o?
6
Suppose -3*z = -61 - 119. Let u = z + -49. What is the units digit of u?
1
What is the hundreds digit of -1*((-104225)/11 - -2)?
4
Let w = 170 - 302. Let u be (-1365)/6 + 3/(-6). Let z = w - u. What is the tens digit of z?
9
Let s = -34648 + 58207. What is the tens digit of s?
5
Let t(b) = -b**2 - 30*b - 56. Let w be 50*2*2/(-8). Let r be t(w). Suppose k = -14 + r. What is the units digit of k?
5
Suppose n - 121 = 4*t - 9*t, -75 = -3*t - 3*n. Suppose 7*b + t + 53 = 0. What is the units digit of 20/(-110) + (-1113)/b?
1
Suppose -m + 41414 = 3*d, 929*d - 934*d + 69007 = 4*m. What is the tens digit of d?
0
Suppose -443*h + 446*h + 348 = 5*b, 210 = 3*b - 3*h. What is the units digit of b?
9
Let u(h) = 5*h + 141. Let k be u(-28). What is the hundreds digit of k*(-18)/12 - (-2577)/6?
4
Let j = -25501 + 40622. What is the ten thousands digit of j?
1
Let v = 64376 + -21928. What is the ten thousands digit of v?
4
Let l be (-10)/(-5) + (0 - 4). What is the tens digit of (474/(-5)*170/51)/l?
5
Let k be -2 - 7/(21/(-198)). Let q = 106 - k. Suppose 48*j = 45*j + q. What is the units digit of j?
4
Let w(d) = 106*d + 144. Let o be w(0). Suppose 3*b - 615 = -0*b. Let k = b - o. What is the units digit of k?
1
Suppose 0 = 4*a + k - 13906, 5*a - a - 3*k = 13882. What is the thousands digit of a?
3
Let n(i) = i**3 + i**2 + 5. Suppose 7*j = j. Let a be n(j). What is the tens digit of (-7)/(105/(-6)) - (-103)/a?
2
Let t be (16/(-4))/(0 + -2). Let b(i) = 97 + i**t - 89 - 5*i + i. What is the units digit of b(9)?
3
Let u(h) = h**3 + 3*h**2 - 6*h + 12. Suppose 0 = -2*i + 6*i - 32. Suppose -31*b + 33*b - i = 0. What is the tens digit of u(b)?
0
Let x(q) = -13*q - 15. Let i be x(-12). Let f = i + -136. Suppose 0*j - 1313 = -f*j + b, 0 = -5*j - 3*b + 1321. What is the tens digit of j?
6
Suppose 0 = -60*m + 179576 + 216784. What is the tens digit of m?
0
Let s be ((-13)/((-78)/(-36)) - -11) + 546. Suppose s = 8*j - 257. What is the tens digit of j?
0
What is the hundreds digit of 98/245 - 154376/(-10)?
4
Let v(w) = -w - 20. Let p = 30 + -52. Let r be v(p). Suppose -x - 3*x + 588 = -r*k, -3*x - 5*k = -467. What is the units digit of x?
9
Suppose -3*k = -i - 19, 18*i + 8 = 4*k + 21*i. Suppose 0 = -k*a + 2*p + 2244, -21*p = -4*a - 22*p + 1803. What is the units digit of a?
0
Let y = 899 + -1558. Let t = y - -756. What is the tens digit of t?
9
Suppose -d - 6 = -3*t, -2*d - t = 3 + 2. What is the hundreds digit of 3 + ((-2)/d)/(20/11310)?
3
Let p be ((-4)/1 - -3) + (-1 - -7). Suppose 5*s - 11 = -5*f - 1, 3*f - 6 = -p*s. Suppose s*y + 2*y = 52. What is the units digit of y?
6
Suppose -90 = 5*o + 3*b, -o - 16 = -b - 6. Let u = -12 - o. Suppose -4*j - 120 = -i, u*j + 128 = i + 6. What is the tens digit of i?
2
Let c(h) = -751*h + 61. What is the hundreds digit of c(-14)?
5
Let r(w) = -w**2 - 12*w + 13. Let u be r(-9). Suppose -5*f + 13*f - u = 0. Suppose k + o + 0*o = 170, 2*k + f*o - 349 = 0. What is the hundreds digit of k?
1
Let c(v) = -4. Let s(g) = 38*g - 60. Let w(p) = 14*c(p) - 2*s(p). What is the hundreds digit of w(-4)?
3
Let x(d) = -19*d + 21. Let a be x(-12). Suppose 4*q - a = 103. What is the tens digit of q?
8
Let r = 568 - 580. What is the tens digit of (-14)/84 + (-5762)/r?
8
Let a(y) = 458*y**2 + 581*y + 9. What is the tens digit of a(7)?
1
Let k(y) be the second derivative of y**5/20 - 5*y**4/4 - 8*y**3 + 7*y**2/2 + 273*y. What is the hundreds digit of k(20)?
0
Suppose 3*x - 9 = -3*v, -3*x - 2*v + 2 + 7 = 0. Let k(h) be the second derivative of 8*h**3 - 2*h - 57. What is the units digit of k(x)?
4
Suppose p + 4*n = -12, -2*n - 20 = -2*p + n. Let h be -3*(-137 - 3)/p. Let k = -46 + h. What is the units digit of k?
9
Suppose -8 = p - 4*o, -2*o + 4 = -2*p + p. Suppose 25 = -5*z, 2*b + b - 3*z - 1218 = p. What is the hundreds digit of b?
4
Let t be (2/6)/(8/(-24)). What is the hundreds digit of t + (-5)/1 - -311?
3
Suppose -1334 + 262 = -2*s. Suppose -s = 9*v - 3263. What is the units digit of v*(-4 - -2)/(2 + -8)?
1
What is the hundreds digit of (16663 - -1) + 1092/(-156)?
6
Let l be -28*((-36)/(-16))/(-9). Suppose -l*h + 108 + 620 = 0. Suppose 52 = 2*y - h. What is the tens digit of y?
7
Let g = 1424 - 160. Suppose -5*u - 4*l = -2*u - g, -3*u = l - 1270. What is the tens digit of u?
2
What is the ten thousands digit of (-27151 - -3)/22*(-62)/4?
1
Let t(w) = -2*w**3 - 13*w**2 - 13*w + 11. Let z be t(-5). What is the units digit of 400/50 - -1445*z?
3
Suppose c - 22 = -5*b, 46*b - 51*b + 26 = 3*c. Suppose b*m = -0*m + 5232. What is the units digit of m?
8
Suppose 2*v - 6624 = -2*k, 37*k - 41*k + 2*v + 13242 = 0. What is the thousands digit of k?
3
Let o be ((-4 - -3) + -2)*125/3. Let m = o - -225. Suppose -n - 3*n = -m. What is the units digit of n?
5
Let s(v) = -20857*v + 156. What is the units digit of s(-2)?
0
Let i be (-6)/36 + 2938/(-12). What is the units digit of i/(-49)*(-584)/(-10)?
2
Let d(l) = -l**3 + 4*l**2 + 7*l - 6. Let x be d(5). Suppose 13 = -3*g + x. What is the tens digit of -214*((-20)/(-8) + g)?
0
Let m be 10/3*(-4 + -26). Let h be 1/(-4) - 7/(112/m). Let p(i) = 2*i**2 - 3*i - 7. What is the units digit of p(h)?
7
Suppose -23*r + 73398 = -16*r + 19*r. What is the tens digit of r?
2
Suppose 6*l - 208 = 836. Let p = l - -104. What is the tens digit of p?
7
Let p = -47 - -48. What is the hundreds digit of (804/20)/(p/25)?
0
Let h be (3 - (-6 - -18))/(-3). Suppose -5*f = -h*u - 1078, -3*f - 2*u = f - 880. What is the units digit of f?
8
Let m(w) = 15*w - 57. Let x be m(5). What is the units digit of 8/x - 19120/(-72)?
6
What is the thousands digit of 411819/(-153)*-3 + (-436)/(-3706)?
8
Let g(r) = -143*r + 667. What is the tens digit of g(-55)?
3
Let t = 54 - 49. Suppose 4*q + y = 15, -4*q + t*y + 22 = 1. Suppose 5*d = -b + 81, 0*b + 243 = 3*b - q*d. What is the tens digit of b?
8
What is the thousands digit of -2*(-101868)/24 - 7/1?
8
Suppose -5*u + 944 = d, -3712 = -4*d + 7*u - 11*u. What is the thousands digit of (-2)/((-14)/d*(-2)/(-24))?
1
Suppose 0 = -2*m - 1056 + 430. Let y be (169 - 11)*(-2)/8*-14. Let v = y + m. What is the hundreds digit of v?
2
Let k = 25963 + -14389. What is the units digit of k?
4
Let t be (3/(48/(-55484)))/(1/4). What is the tens digit of 2/(-3) + 0 + t/(-291)?
4
Let h be 278/14 + (20/35)/4. Let d be 10 - (0 + 6 + -3). Suppose 0*b + h = -4*b, 5*b - d = -q. What is the units digit of q?
2
Let q(l) = 2*l**3 + 85*l**2 + 53*l + 120. What is the thousands digit of q(-40)?
6
Let u(l) = -2*l**2 + 0*l**2 + 15*l + l**2 - 2 - 29. Suppose -5*k + 18 = -2*k. What is the tens digit of u(k)?
2
Let y(q) be the second derivative of q**5/60 - 5*q**4/12 - 35*q**3/6 + 7*q**2 - 7*q. Let a(v) be the first derivative of y(v). What is the units digit of a(18)?
9
Let n(t) =